{"id":1169,"date":"2012-03-20T15:31:49","date_gmt":"2012-03-20T15:31:49","guid":{"rendered":"http:\/\/www.mitellus.com\/?page_id=1169"},"modified":"2012-03-20T22:41:23","modified_gmt":"2012-03-20T22:41:23","slug":"974-ile-de-la-reunion","status":"publish","type":"page","link":"https:\/\/www.mitellus.com\/?page_id=1169","title":{"rendered":"974 &#8211; Ile de La R\u00e9union"},"content":{"rendered":"<p><iframe loading=\"lazy\" src=\"http:\/\/maps.google.com\/maps\/ms?msa=0&amp;msid=207694064242843216689.00045d24fab0da64a68e5&amp;ie=UTF8&amp;t=h&amp;ll=-21.081937,55.596313&amp;spn=0.768819,1.788025&amp;z=9&amp;output=embed\" frameborder=\"0\" marginwidth=\"0\" marginheight=\"0\" scrolling=\"no\" width=\"650\" height=\"300\"><\/iframe><\/p>\n<p><a title=\"La Reunion 2011\" href=\"http:\/\/www.mitellus.com\/?p=519\" target=\"_blank\">Voyage 2011<\/a><br \/>\n<a title=\"La R\u00e9union \u2013 2008\" href=\"http:\/\/www.mitellus.com\/?p=1332\" target=\"_blank\">Voyage 2008<\/a><br \/>\n<a title=\"La R\u00e9union \u2013 2006\" href=\"http:\/\/www.mitellus.com\/?p=1278\" target=\"_blank\">Voyage 2006<\/a><br \/>\n<a title=\"La R\u00e9union en 2003\" href=\"http:\/\/mitellus.free.fr\/\" target=\"_blank\">Voyage 2003<strong><\/strong><\/a><\/p>\n<p><strong>Voyage 1999 et 2001:<br \/>\n<\/strong><a title=\"Le Cap Noir\" href=\"http:\/\/www.mitellus.com\/?p=1263\">Cap Noir<\/a><br \/>\n<a title=\"L\u2019est en 2001 \u2013 The east coast\" href=\"http:\/\/www.mitellus.com\/?p=1253\">L&#8217;Est<\/a><a title=\"Le Port\" href=\"http:\/\/www.mitellus.com\/?p=1237\"><br \/>\nLe Port<\/a><br \/>\n<a title=\"Acc\u00e8s restrind\" href=\"http:\/\/www.mitellus.com\/blog\/?p=439\">Petite-Ile<\/a><br \/>\n<a title=\"Grande Anse 2001\" href=\"http:\/\/www.mitellus.com\/?p=1227\">Grande Anse<\/a><br \/>\n<a title=\"Le Puis des Anglais\" href=\"http:\/\/www.mitellus.com\/?p=1217\">Le Puis des Anglais<\/a><br \/>\n<a title=\"Plaine des Cafres 2001\" href=\"http:\/\/www.mitellus.com\/?p=1211\">Plaine des Cafres<\/a><br \/>\n<a title=\"Plaine des Palmistes\" href=\"http:\/\/www.mitellus.com\/?p=1196\">Plaine des Palmistes<\/a><br \/>\n<a title=\"Saint-Andr\u00e9 (1999)\" href=\"http:\/\/www.mitellus.com\/?p=1164\">Saint-Andre<\/a><br \/>\n<a title=\"Le Parc Du Colosse (1999)\" href=\"http:\/\/www.mitellus.com\/?p=1185\">Le Parc du colosse<\/a><\/p>\n","protected":false},"excerpt":{"rendered":"<p>Voyage 2011 Voyage 2008 Voyage 2006 Voyage 2003 Voyage 1999 et 2001: Cap Noir L&#8217;Est Le Port Petite-Ile Grande Anse Le Puis des Anglais Plaine des Cafres Plaine des Palmistes Saint-Andre Le Parc du colosse<span class=\"more-link\"><a href=\"https:\/\/www.mitellus.com\/?page_id=1169\">Continue Reading<\/a><\/span><\/p>\n","protected":false},"author":1,"featured_media":0,"parent":583,"menu_order":974,"comment_status":"open","ping_status":"open","template":"","meta":{"jetpack_post_was_ever_published":false,"footnotes":""},"class_list":["entry","author-admin","post-1169","page","type-page","status-publish"],"jetpack_shortlink":"https:\/\/wp.me\/P35eub-iR","jetpack_sharing_enabled":true,"jetpack_likes_enabled":true,"jetpack-related-posts":[{"id":734,"url":"https:\/\/www.mitellus.com\/?page_id=734","url_meta":{"origin":1169,"position":0},"title":"35 &#8211; ILE ET VILAINE","author":"admin","date":"18\/03\/2000","format":false,"excerpt":"Pour ce petit voyage, je dois avouer que le temps m'a vraiment manqu\u00e9, le temps, dans tous les sens du terme: le temps de visiter, le temps d\u2019appr\u00e9cier, de m\u2019impr\u00e9gner, de discuter, le temps ensoleill\u00e9, le temps de remercier un grand pote qui m\u2019a h\u00e9berg\u00e9, \u2026 bref le temps !!\u2026","rel":"","context":"Similar post","block_context":{"text":"Similar post","link":""},"img":{"alt_text":"","src":"https:\/\/i0.wp.com\/www.mitellus.com\/wp-content\/uploads\/2020\/06\/gmaw4-3.jpg?fit=800%2C600&ssl=1&resize=350%2C200","width":350,"height":200,"srcset":"https:\/\/i0.wp.com\/www.mitellus.com\/wp-content\/uploads\/2020\/06\/gmaw4-3.jpg?fit=800%2C600&ssl=1&resize=350%2C200 1x, https:\/\/i0.wp.com\/www.mitellus.com\/wp-content\/uploads\/2020\/06\/gmaw4-3.jpg?fit=800%2C600&ssl=1&resize=525%2C300 1.5x, https:\/\/i0.wp.com\/www.mitellus.com\/wp-content\/uploads\/2020\/06\/gmaw4-3.jpg?fit=800%2C600&ssl=1&resize=700%2C400 2x"},"classes":[]},{"id":1398,"url":"https:\/\/www.mitellus.com\/?page_id=1398","url_meta":{"origin":1169,"position":1},"title":"Gr\u00e8ce (Greece)","author":"admin","date":"20\/03\/2012","format":false,"excerpt":"2010 Une Petite semaine en Grece histoire de se relaxer entre 2 eruptions islandaises et les greves locales. Je pense avoir ete chanceux: - temps magnifique sur tout le voyage, - gens sympas - sur classement sur les logements, ... Le mois d'avril est un tres bon choix :)","rel":"","context":"Similar post","block_context":{"text":"Similar post","link":""},"img":{"alt_text":"","src":"https:\/\/i0.wp.com\/lh6.ggpht.com\/_O1gosrQ9BkY\/TDeVxPfzzrE\/AAAAAAAABzQ\/vG3DFg6bnDE\/s160-c\/Greece2010.jpg?resize=350%2C200","width":350,"height":200},"classes":[]},{"id":601,"url":"https:\/\/www.mitellus.com\/?page_id=601","url_meta":{"origin":1169,"position":2},"title":"29 &#8211; FINISTERE","author":"admin","date":"16\/11\/2011","format":false,"excerpt":"Le Finist\u00e8re La pointe Bretonne est vraiment un tr\u00e8s bel endroit pour se ressourcer. Tourn\u00e9e vers l'agriculture et l'environnement malgr\u00e9 le fait qu'elle soit bien desservie pour le tourisme, cette extr\u00e9mit\u00e9 fran\u00e7aise attire non seulement par ses plages, mais \u00e9galement par la tranquillit\u00e9 de ses campagnes. Je vous laisse retracer\u2026","rel":"","context":"Similar post","block_context":{"text":"Similar post","link":""},"img":{"alt_text":"","src":"","width":0,"height":0},"classes":[]},{"id":2682,"url":"https:\/\/www.mitellus.com\/?page_id=2682","url_meta":{"origin":1169,"position":3},"title":"Irlande &#8211; Ireland","author":"admin","date":"05\/04\/2012","format":false,"excerpt":"L'Irlande, L'Eire, ou Ireland, cette Ile me tient a coeur car elle m'a permit de retrouver beaucoup de valeurs que l'on a l'impression de perdre dans mon pays d'origine. Connaught Achill Island Ben Letterry Connemara Loop Head Croagh Patrick Galway Loop Head Munster Clare (the coast) Cliffs of Moher \u00a0\u2026","rel":"","context":"Similar post","block_context":{"text":"Similar post","link":""},"img":{"alt_text":"","src":"","width":0,"height":0},"classes":[]},{"id":2032,"url":"https:\/\/www.mitellus.com\/?page_id=2032","url_meta":{"origin":1169,"position":4},"title":"Ile Maurice &#8211; Mauritius","author":"admin","date":"25\/03\/2012","format":false,"excerpt":"En 2011","rel":"","context":"Similar post","block_context":{"text":"Similar post","link":""},"img":{"alt_text":"","src":"","width":0,"height":0},"classes":[]},{"id":2886,"url":"https:\/\/www.mitellus.com\/?page_id=2886","url_meta":{"origin":1169,"position":5},"title":"Dublin and County Dublin","author":"admin","date":"10\/05\/2005","format":false,"excerpt":"Dublin (\u02c8d\u028cbl\u0268n\/; locally \/\u02c8d\u028ab\u1d4al\u0259n\/; Irish: Baile \u00c1tha Cliath, meaning \"town of the hurdled ford\", pronounced [bl\u02b2a\u02c8kl\u02b2i\u0259] or \u00c1th Cliath, [a\u02d0 kl\u02b2i\u0259], occasionally Duibhlinn) is the capital and most populous city of Ireland.[2][3] The English name for the city is derived from the Irish name Dubhlinn, meaning \"black pool\". Dublin is\u2026","rel":"","context":"Similar post","block_context":{"text":"Similar post","link":""},"img":{"alt_text":"","src":"","width":0,"height":0},"classes":[]}],"_links":{"self":[{"href":"https:\/\/www.mitellus.com\/index.php?rest_route=\/wp\/v2\/pages\/1169","targetHints":{"allow":["GET"]}}],"collection":[{"href":"https:\/\/www.mitellus.com\/index.php?rest_route=\/wp\/v2\/pages"}],"about":[{"href":"https:\/\/www.mitellus.com\/index.php?rest_route=\/wp\/v2\/types\/page"}],"author":[{"embeddable":true,"href":"https:\/\/www.mitellus.com\/index.php?rest_route=\/wp\/v2\/users\/1"}],"replies":[{"embeddable":true,"href":"https:\/\/www.mitellus.com\/index.php?rest_route=%2Fwp%2Fv2%2Fcomments&post=1169"}],"version-history":[{"count":9,"href":"https:\/\/www.mitellus.com\/index.php?rest_route=\/wp\/v2\/pages\/1169\/revisions"}],"predecessor-version":[{"id":1171,"href":"https:\/\/www.mitellus.com\/index.php?rest_route=\/wp\/v2\/pages\/1169\/revisions\/1171"}],"up":[{"embeddable":true,"href":"https:\/\/www.mitellus.com\/index.php?rest_route=\/wp\/v2\/pages\/583"}],"wp:attachment":[{"href":"https:\/\/www.mitellus.com\/index.php?rest_route=%2Fwp%2Fv2%2Fmedia&parent=1169"}],"curies":[{"name":"wp","href":"https:\/\/api.w.org\/{rel}","templated":true}]}}

974 &#8211; Ile de La Réunion

<p><iframe loading="lazy" src="http://maps.google.com/maps/ms?msa=0&amp;msid=207694064242843216689.00045d24fab0da64a68e5&amp;ie=UTF8&amp;t=h&amp;ll=-21.081937,55.596313&amp;spn=0.768819,1.788025&amp;z=9&amp;output=embed" frameborder="0" marginwidth="0" marginheight="0" scrolling="no" width="650" height="300"></iframe></p>
<p><a title="La Reunion 2011" href="http://www.mitellus.com/?p=519" target="_blank">Voyage 2011</a><br />
<a title="La Réunion – 2008" href="http://www.mitellus.com/?p=1332" target="_blank">Voyage 2008</a><br />
<a title="La Réunion – 2006" href="http://www.mitellus.com/?p=1278" target="_blank">Voyage 2006</a><br />
<a title="La Réunion en 2003" href="http://mitellus.free.fr/" target="_blank">Voyage 2003<strong></strong></a></p>
<p><strong>Voyage 1999 et 2001:<br />
</strong><a title="Le Cap Noir" href="http://www.mitellus.com/?p=1263">Cap Noir</a><br />
<a title="L’est en 2001 – The east coast" href="http://www.mitellus.com/?p=1253">L&#8217;Est</a><a title="Le Port" href="http://www.mitellus.com/?p=1237"><br />
Le Port</a><br />
<a title="Accès restrind" href="http://www.mitellus.com/blog/?p=439">Petite-Ile</a><br />
<a title="Grande Anse 2001" href="http://www.mitellus.com/?p=1227">Grande Anse</a><br />
<a title="Le Puis des Anglais" href="http://www.mitellus.com/?p=1217">Le Puis des Anglais</a><br />
<a title="Plaine des Cafres 2001" href="http://www.mitellus.com/?p=1211">Plaine des Cafres</a><br />
<a title="Plaine des Palmistes" href="http://www.mitellus.com/?p=1196">Plaine des Palmistes</a><br />
<a title="Saint-André (1999)" href="http://www.mitellus.com/?p=1164">Saint-Andre</a><br />
<a title="Le Parc Du Colosse (1999)" href="http://www.mitellus.com/?p=1185">Le Parc du colosse</a></p>

Pour ce petit voyage, je dois avouer que le temps m'a vraiment manqué, le temps, dans tous les sens du terme: le temps de visiter, le temps d’apprécier, de m’imprégner, de discuter, le temps ensoleillé, le temps de remercier un grand pote qui m’a hébergé, … bref le temps !!…

Grèce (Greece)

Le Finistère La pointe Bretonne est vraiment un très bel endroit pour se ressourcer. Tournée vers l'agriculture et l'environnement malgré le fait qu'elle soit bien desservie pour le tourisme, cette extrémité française attire non seulement par ses plages, mais également par la tranquillité de ses campagnes. Je vous laisse retracer…

Dublin (ˈdʌblɨn/; locally /ˈdʊbᵊlən/; Irish: Baile Átha Cliath, meaning "town of the hurdled ford", pronounced [blʲaˈklʲiə] or Áth Cliath, [aː klʲiə], occasionally Duibhlinn) is the capital and most populous city of Ireland.[2][3] The English name for the city is derived from the Irish name Dubhlinn, meaning "black pool". Dublin is…
